{"id":106,"date":"2014-10-23T11:58:35","date_gmt":"2014-10-23T11:58:35","guid":{"rendered":"http:\/\/zamakdushe.tk\/?page_id=106"},"modified":"2015-02-07T08:34:47","modified_gmt":"2015-02-07T08:34:47","slug":"duhovnost-karmela","status":"publish","type":"page","link":"https:\/\/karmel.hr\/?page_id=106","title":{"rendered":"KARMELSKA DUHOVNOST"},"content":{"rendered":"<p><a title=\"O povijesti i duhu Karmela\" href=\"https:\/\/karmel.hr\/?page_id=278\"><img loading=\"lazy\" decoding=\"async\" class=\"alignleft wp-image-1218 \" src=\"https:\/\/karmel.hr\/wp-content\/uploads\/2014\/10\/St.-Alberts-giving-of-the-Rule-to-Saint-Brocard-220x300.jpg\" alt=\"St. Albert's giving of the Rule to Saint Brocard\" width=\"234\" height=\"319\" srcset=\"https:\/\/karmel.hr\/wp-content\/uploads\/2014\/10\/St.-Alberts-giving-of-the-Rule-to-Saint-Brocard-220x300.jpg 220w, https:\/\/karmel.hr\/wp-content\/uploads\/2014\/10\/St.-Alberts-giving-of-the-Rule-to-Saint-Brocard-600x817.jpg 600w, https:\/\/karmel.hr\/wp-content\/uploads\/2014\/10\/St.-Alberts-giving-of-the-Rule-to-Saint-Brocard.jpg 734w\" sizes=\"auto, (max-width: 234px) 100vw, 234px\" \/><\/a><strong><a title=\"O povijesti i duhu Karmela\" href=\"https:\/\/karmel.hr\/?page_id=278\">O povijesti i duhu Karmela<\/a><\/strong><\/p>\n<p><strong><a title=\"Prvotno pravilo\" href=\"https:\/\/karmel.hr\/?page_id=1513\">Prvotno pravilo<\/a><\/strong><\/p>\n<p><a title=\"Pravilo danas\" href=\"https:\/\/karmel.hr\/?page_id=1857\"><strong>Pravilo danas<\/strong><\/a><\/p>\n<p>&nbsp;<\/p>\n<p>&nbsp;<\/p>\n<p>&nbsp;<\/p>\n<p><a title=\"Bla\u017eena Djevica Marija\" href=\"https:\/\/karmel.hr\/?page_id=1194\"><img loading=\"lazy\" decoding=\"async\" class=\" wp-image-1219 size-medium alignleft\" src=\"https:\/\/karmel.hr\/wp-content\/uploads\/2014\/10\/OLMC_GOLD_demonstration_picture__82167.1381779128.400.400-233x300.jpg\" alt=\"OLMC_GOLD_demonstration_picture__82167.1381779128.400.400\" width=\"233\" height=\"300\" srcset=\"https:\/\/karmel.hr\/wp-content\/uploads\/2014\/10\/OLMC_GOLD_demonstration_picture__82167.1381779128.400.400-233x300.jpg 233w, https:\/\/karmel.hr\/wp-content\/uploads\/2014\/10\/OLMC_GOLD_demonstration_picture__82167.1381779128.400.400.jpg 311w\" sizes=\"auto, (max-width: 233px) 100vw, 233px\" \/><\/a><\/p>\n<p>&nbsp;<\/p>\n<p>&nbsp;<\/p>\n<p><strong><a title=\"Bla\u017eena Djevica Marija\" href=\"https:\/\/karmel.hr\/?page_id=1194\">Bla\u017eena Djevica Marija<\/a><\/strong><\/p>\n<p><a title=\"Biblija o Mariji\" href=\"https:\/\/karmel.hr\/?page_id=1288\"><strong>Marija u Bibliji<\/strong><\/a><\/p>\n<p><a title=\"Devetnica Gospi od Karmela\" href=\"https:\/\/karmel.hr\/?page_id=1292\"><strong>Devetnica Gospi od Karmela<\/strong><\/a><\/p>\n<p>&nbsp;<\/p>\n<p>&nbsp;<\/p>\n<p><a title=\"Prorok Ilija\" href=\"https:\/\/karmel.hr\/?page_id=1297\"><img loading=\"lazy\" decoding=\"async\" class=\" wp-image-1222  alignleft\" src=\"https:\/\/karmel.hr\/wp-content\/uploads\/2014\/12\/Elias-y-la-nubecilla-230x300.jpg\" alt=\"Elias y la nubecilla\" width=\"233\" height=\"304\" srcset=\"https:\/\/karmel.hr\/wp-content\/uploads\/2014\/12\/Elias-y-la-nubecilla-230x300.jpg 230w, https:\/\/karmel.hr\/wp-content\/uploads\/2014\/12\/Elias-y-la-nubecilla-784x1024.jpg 784w, https:\/\/karmel.hr\/wp-content\/uploads\/2014\/12\/Elias-y-la-nubecilla-600x784.jpg 600w, https:\/\/karmel.hr\/wp-content\/uploads\/2014\/12\/Elias-y-la-nubecilla.jpg 1173w\" sizes=\"auto, (max-width: 233px) 100vw, 233px\" \/><\/a><\/p>\n<p>&nbsp;<\/p>\n<p>&nbsp;<\/p>\n<p><a title=\"Prorok Ilija\" href=\"https:\/\/karmel.hr\/?page_id=1297\"><strong>Prorok Ilija<\/strong><\/a><\/p>\n<p><a title=\"Ilija i Bezgre\u0161na\" href=\"https:\/\/karmel.hr\/?page_id=1310\"><strong>Ilija i Bezgre\u0161na<\/strong><\/a><\/p>\n<p><a title=\"Prorok Ilija i proro\u010dka \u0161utnja\" href=\"https:\/\/karmel.hr\/?page_id=1327\"><strong>Proro\u010dka \u0161utnja<\/strong><\/a><\/p>\n<p><a title=\"Ilija u Bibliji\" href=\"https:\/\/karmel.hr\/?page_id=1363\"><strong>Ilija u Bibliji<\/strong><\/a><\/p>\n","protected":false},"excerpt":{"rendered":"<p>O povijesti i duhu Karmela Prvotno pravilo Pravilo danas &nbsp; &nbsp; &nbsp; &nbsp; &nbsp; Bla\u017eena Djevica Marija Marija u Bibliji Devetnica Gospi od Karmela &nbsp; &nbsp; &nbsp; &nbsp; Prorok Ilija Ilija i Bezgre\u0161na Proro\u010dka \u0161utnja Ilija u Bibliji<\/p>\n","protected":false},"author":1,"featured_media":1282,"parent":0,"menu_order":0,"comment_status":"open","ping_status":"closed","template":"","meta":{"footnotes":""},"class_list":["post-106","page","type-page","status-publish","has-post-thumbnail","hentry"],"jetpack_sharing_enabled":true,"jetpack-related-posts":[],"_links":{"self":[{"href":"https:\/\/karmel.hr\/index.php?rest_route=\/wp\/v2\/pages\/106","targetHints":{"allow":["GET"]}}],"collection":[{"href":"https:\/\/karmel.hr\/index.php?rest_route=\/wp\/v2\/pages"}],"about":[{"href":"https:\/\/karmel.hr\/index.php?rest_route=\/wp\/v2\/types\/page"}],"author":[{"embeddable":true,"href":"https:\/\/karmel.hr\/index.php?rest_route=\/wp\/v2\/users\/1"}],"replies":[{"embeddable":true,"href":"https:\/\/karmel.hr\/index.php?rest_route=%2Fwp%2Fv2%2Fcomments&post=106"}],"version-history":[{"count":15,"href":"https:\/\/karmel.hr\/index.php?rest_route=\/wp\/v2\/pages\/106\/revisions"}],"predecessor-version":[{"id":1864,"href":"https:\/\/karmel.hr\/index.php?rest_route=\/wp\/v2\/pages\/106\/revisions\/1864"}],"wp:featuredmedia":[{"embeddable":true,"href":"https:\/\/karmel.hr\/index.php?rest_route=\/wp\/v2\/media\/1282"}],"wp:attachment":[{"href":"https:\/\/karmel.hr\/index.php?rest_route=%2Fwp%2Fv2%2Fmedia&parent=106"}],"curies":[{"name":"wp","href":"https:\/\/api.w.org\/{rel}","templated":true}]}}