{"id":1288,"date":"2015-01-26T08:57:20","date_gmt":"2015-01-26T08:57:20","guid":{"rendered":"http:\/\/karmel.hr\/?page_id=1288"},"modified":"2015-01-26T08:57:20","modified_gmt":"2015-01-26T08:57:20","slug":"biblija-o-mariji","status":"publish","type":"page","link":"https:\/\/karmel.hr\/?page_id=1288","title":{"rendered":"Biblija o Mariji"},"content":{"rendered":"<p style=\"text-align: center;\"><b>Lk 1, 26-38<\/b> Navje\u0161tenje. Neka mi bude po rije\u010di tvojoj.<\/p>\n<p style=\"text-align: center;\"><strong><span style=\"color: #008080;\">Biti otvoren da se Bo\u017eja Rije\u010d utjelovi.<\/span><\/strong><\/p>\n<p style=\"text-align: center;\"><b> Lk 1, 39-56<\/b> Poho\u0111enje.<\/p>\n<p style=\"text-align: center;\"><span style=\"color: #008080;\"><strong>Prepoznati Rije\u010d Bo\u017eju u svakodnevici.<\/strong><\/span><\/p>\n<p style=\"text-align: center;\"><b> Mt 1, 17-25<\/b> Marija i Josip. Ne boj se uzeti Mariju za svoju \u017eenu.<\/p>\n<p style=\"text-align: center;\"><span style=\"color: #008080;\"><strong>Prihvati Rije\u010d i kad je ne o\u010dekuje\u0161.<\/strong><\/span><\/p>\n<p style=\"text-align: center;\"><b>\u00a0 Lk 2, 1-20<\/b> Ro\u0111enje. Pohranjiva\u0161e sve te doga\u0111aje u svom srcu.<\/p>\n<p style=\"text-align: center;\"><span style=\"color: #008080;\"><strong>Marginalizirani prepoznavaju i prihva\u0107aju Rije\u010d<\/strong><\/span><\/p>\n<p style=\"text-align: center;\">\u00a0<b>Lk 2, 21-32<\/b> Prikazanje. Vidje\u0161e o\u010di moje spasenje tvoje.<\/p>\n<p style=\"text-align: center;\"><span style=\"color: #008080;\"><strong>\u017divotno iskustvo \u010disti pogled.<\/strong><\/span><\/p>\n<p style=\"text-align: center;\"><b>\u00a0 Lk 2, 33-38<\/b> \u0160imun i Ana. Tebi \u0107e ma\u010d probosti du\u0161u.<\/p>\n<p style=\"text-align: center;\"><span style=\"color: #008080;\"><strong>Biti kr\u0161\u0107anin zna\u010di biti znak osporavanja.<\/strong><\/span><\/p>\n<p style=\"text-align: center;\"><b>\u00a0 Mt 2, 1-12<\/b> Mudraci do\u0111o\u0161e s istoka. Vidjesmo njegovu zvijezdu i do\u0111osmo.<\/p>\n<p style=\"text-align: center;\"><span style=\"color: #008080;\"><strong>Prepoznaj spasitelja u djetetu.<\/strong><\/span><\/p>\n<p style=\"text-align: center;\">\u00a0<b>Mt 2, 13-23<\/b> Bijeg u Egipat. Kralj \u017eeli ubiti dijete.<\/p>\n<p style=\"text-align: center;\"><span style=\"color: #008080;\"><strong>Novi i kona\u010dni bijeg je zapo\u010deo.<\/strong><\/span><\/p>\n<p style=\"text-align: center;\"><b>\u00a0 Lk 2, 39-52<\/b> Dvanaestogodi\u0161nji Isus u Hramu. Niste li znali da mi je biti u onome \u0161to je Oca mojega?<\/p>\n<p style=\"text-align: center;\"><span style=\"color: #008080;\"><strong>Poslu\u0161nost i neposlu\u0161nost idu zajedno.<\/strong><\/span><\/p>\n<p style=\"text-align: center;\"><b>\u00a0 Iv 1, 1-12<\/b> Svadba u Kanu. U\u010dinite \u0161to god vam rekne.<\/p>\n<p style=\"text-align: center;\"><span style=\"color: #008080;\"><strong>\u0160to su u\u010dinili s preostalim vinom?<\/strong><\/span><\/p>\n<p style=\"text-align: center;\"><b>\u00a0 Lk 11, 27-38<\/b> Isus hvali svoju majku. Bla\u017eena utroba koja te nosila.<\/p>\n<p style=\"text-align: center;\" align=\"justify\"><span style=\"color: #008080;\"><strong>Bla\u017eeni oni koji slu\u0161aju rije\u010d i vr\u0161e je.<\/strong><\/span><\/p>\n<p style=\"text-align: center;\"><b>\u00a0 Iv 19, 25-28<\/b> Podno kri\u017ea. Evo ti sina. Evo ti majke.<\/p>\n<p style=\"text-align: center;\"><span style=\"color: #008080;\"><strong>Novi \u017eivot nastaje u smrtnom \u010dasu.<\/strong><\/span><\/p>\n<p style=\"text-align: center;\">\u00a0<b>Dj 1, 12-14<\/b> U gornjoj sobi. Postojani u molitvi zajedno s \u017eenama.<\/p>\n<p style=\"text-align: center;\"><span style=\"color: #008080;\"><strong>Prva zajednica: sjeme i ideal.<\/strong><\/span><\/p>\n<p style=\"text-align: center;\"><b>\u00a0 Otk 12, 1-17<\/b> Veliko znamenje na nebu. \u017dena zaodjevena suncem.<\/p>\n<p style=\"text-align: center;\"><span style=\"color: #008080;\"><strong>Krhki \u017eivot pobijedio je mo\u0107 smrti.<\/strong><\/span><\/p>\n","protected":false},"excerpt":{"rendered":"<p>Lk 1, 26-38 Navje\u0161tenje. Neka mi bude po rije\u010di tvojoj. Biti otvoren da se Bo\u017eja Rije\u010d utjelovi. Lk 1, 39-56 Poho\u0111enje. Prepoznati Rije\u010d Bo\u017eju u svakodnevici. Mt 1, 17-25 Marija i Josip. Ne boj se uzeti Mariju za svoju \u017eenu. Prihvati Rije\u010d i kad je ne o\u010dekuje\u0161. \u00a0 Lk 2, 1-20 Ro\u0111enje. Pohranjiva\u0161e sve te &hellip; <a href=\"https:\/\/karmel.hr\/?page_id=1288\" class=\"more-link\">Nastavi \u010ditati <span class=\"screen-reader-text\">Biblija o Mariji<\/span> <span class=\"meta-nav\">&rarr;<\/span><\/a><\/p>\n","protected":false},"author":1,"featured_media":1289,"parent":1194,"menu_order":0,"comment_status":"open","ping_status":"open","template":"","meta":{"footnotes":""},"class_list":["post-1288","page","type-page","status-publish","has-post-thumbnail","hentry"],"jetpack_sharing_enabled":true,"jetpack-related-posts":[],"_links":{"self":[{"href":"https:\/\/karmel.hr\/index.php?rest_route=\/wp\/v2\/pages\/1288","targetHints":{"allow":["GET"]}}],"collection":[{"href":"https:\/\/karmel.hr\/index.php?rest_route=\/wp\/v2\/pages"}],"about":[{"href":"https:\/\/karmel.hr\/index.php?rest_route=\/wp\/v2\/types\/page"}],"author":[{"embeddable":true,"href":"https:\/\/karmel.hr\/index.php?rest_route=\/wp\/v2\/users\/1"}],"replies":[{"embeddable":true,"href":"https:\/\/karmel.hr\/index.php?rest_route=%2Fwp%2Fv2%2Fcomments&post=1288"}],"version-history":[{"count":1,"href":"https:\/\/karmel.hr\/index.php?rest_route=\/wp\/v2\/pages\/1288\/revisions"}],"predecessor-version":[{"id":1290,"href":"https:\/\/karmel.hr\/index.php?rest_route=\/wp\/v2\/pages\/1288\/revisions\/1290"}],"up":[{"embeddable":true,"href":"https:\/\/karmel.hr\/index.php?rest_route=\/wp\/v2\/pages\/1194"}],"wp:featuredmedia":[{"embeddable":true,"href":"https:\/\/karmel.hr\/index.php?rest_route=\/wp\/v2\/media\/1289"}],"wp:attachment":[{"href":"https:\/\/karmel.hr\/index.php?rest_route=%2Fwp%2Fv2%2Fmedia&parent=1288"}],"curies":[{"name":"wp","href":"https:\/\/api.w.org\/{rel}","templated":true}]}}