{"id":140,"date":"2014-10-29T21:38:39","date_gmt":"2014-10-29T21:38:39","guid":{"rendered":"http:\/\/zamakdushe.tk\/?page_id=140"},"modified":"2015-02-18T20:27:59","modified_gmt":"2015-02-18T20:27:59","slug":"red-bosonoge-brace-blazene-djevice-marije-od-gore-karmela","status":"publish","type":"page","link":"https:\/\/karmel.hr\/?page_id=140","title":{"rendered":"RED BOSONOGE BRA\u0106E BLA\u017dENE DJEVICE MARIJE OD GORE KARMELA"},"content":{"rendered":"<p><a title=\"O po\u010decima Reda\" href=\"https:\/\/karmel.hr\/?page_id=1624\"><strong>O po\u010decima Reda<\/strong><\/a><\/p>\n<p><a title=\"Povratak na europsko tlo\" href=\"https:\/\/karmel.hr\/?page_id=1630\"><strong>Povratak na europsko tlo<\/strong><\/a><\/p>\n<p><a title=\"Terezijanska obnova\" href=\"https:\/\/karmel.hr\/?page_id=1695\"><strong>Terezijanska obnova<\/strong><\/a><\/p>\n<p><a title=\"Obnova mu\u0161ke grane reda\" href=\"https:\/\/karmel.hr\/?page_id=2112\"><strong> Obnova mu\u0161ke grane reda<\/strong><\/a><\/p>\n<p><a title=\"Obilje\u017eja \u017eivota i razvitak terezijanskoga  obnovljenog Karmela\" href=\"https:\/\/karmel.hr\/?page_id=2120\"><strong>Obilje\u017eja \u017eivota i razvitak terezijanskoga\u00a0 obnovljenog Karmela<\/strong><\/a><\/p>\n<p align=\"justify\"><a title=\"O povijesti i duhu Karmela\" href=\"https:\/\/karmel.hr\/?page_id=278\"><strong>O povijesti i duhu Karmela &#8211; sv. Terezija Benedikta od Kri\u017ea (Edith Stein)<\/strong><\/a><\/p>\n","protected":false},"excerpt":{"rendered":"<p>O po\u010decima Reda Povratak na europsko tlo Terezijanska obnova Obnova mu\u0161ke grane reda Obilje\u017eja \u017eivota i razvitak terezijanskoga\u00a0 obnovljenog Karmela O povijesti i duhu Karmela &#8211; sv. Terezija Benedikta od Kri\u017ea (Edith Stein)<\/p>\n","protected":false},"author":1,"featured_media":943,"parent":26,"menu_order":0,"comment_status":"open","ping_status":"open","template":"","meta":{"footnotes":""},"class_list":["post-140","page","type-page","status-publish","has-post-thumbnail","hentry"],"jetpack_sharing_enabled":true,"jetpack-related-posts":[],"_links":{"self":[{"href":"https:\/\/karmel.hr\/index.php?rest_route=\/wp\/v2\/pages\/140","targetHints":{"allow":["GET"]}}],"collection":[{"href":"https:\/\/karmel.hr\/index.php?rest_route=\/wp\/v2\/pages"}],"about":[{"href":"https:\/\/karmel.hr\/index.php?rest_route=\/wp\/v2\/types\/page"}],"author":[{"embeddable":true,"href":"https:\/\/karmel.hr\/index.php?rest_route=\/wp\/v2\/users\/1"}],"replies":[{"embeddable":true,"href":"https:\/\/karmel.hr\/index.php?rest_route=%2Fwp%2Fv2%2Fcomments&post=140"}],"version-history":[{"count":10,"href":"https:\/\/karmel.hr\/index.php?rest_route=\/wp\/v2\/pages\/140\/revisions"}],"predecessor-version":[{"id":2134,"href":"https:\/\/karmel.hr\/index.php?rest_route=\/wp\/v2\/pages\/140\/revisions\/2134"}],"up":[{"embeddable":true,"href":"https:\/\/karmel.hr\/index.php?rest_route=\/wp\/v2\/pages\/26"}],"wp:featuredmedia":[{"embeddable":true,"href":"https:\/\/karmel.hr\/index.php?rest_route=\/wp\/v2\/media\/943"}],"wp:attachment":[{"href":"https:\/\/karmel.hr\/index.php?rest_route=%2Fwp%2Fv2%2Fmedia&parent=140"}],"curies":[{"name":"wp","href":"https:\/\/api.w.org\/{rel}","templated":true}]}}