{"id":2120,"date":"2015-02-18T20:27:29","date_gmt":"2015-02-18T20:27:29","guid":{"rendered":"http:\/\/karmel.hr\/?page_id=2120"},"modified":"2015-02-18T20:27:29","modified_gmt":"2015-02-18T20:27:29","slug":"obiljezja-zivota-i-razvitak-terezijanskoga-obnovljenog-karmela","status":"publish","type":"page","link":"https:\/\/karmel.hr\/?page_id=2120","title":{"rendered":"Obilje\u017eja \u017eivota i razvitak terezijanskoga  obnovljenog Karmela"},"content":{"rendered":"<p>U prikazu povijesti karmelskoga Reda treba u obnoviteljskom radu sv. Terezije Avilske, uzornih njezinih sljedbenika Jeronima Gracijana i Nikole Dorije, posebice ista\u0107i skrb oko izobrazbe redovnika. Terezija je posebice cijenila u\u010dene ljude (Letrados) pa je tako ve\u0107 1570. otvoren u\u010dili\u0161ni zavod sv. \u0106irila u Alcali de Henares, u neposrednoj blizini glasovitog sveu\u010dili\u0161ta koje je utemeljio crkveni sto\u017eernik Francisco de Cisneros. U radu sveu\u010dili\u0161ta temeljito se prou\u010davalo djela Tome Akvinskoga. Kasnije je utemeljeno u\u010dili\u0161te u Salamanci, poznato i glasovito ne samo u \u0160panjolskoj nego i u Europi; karmeli\u0107ani su ondje imali svoj &#8220;Zavod sv. Lazara&#8221;, a poslije &#8220;Zavod sv. Ilije&#8221;.<\/p>\n<p><a href=\"https:\/\/karmel.hr\/wp-content\/uploads\/2015\/02\/University-of-Salamanca-630x472.jpeg\"><img loading=\"lazy\" decoding=\"async\" class=\"alignnone size-full wp-image-2122\" src=\"https:\/\/karmel.hr\/wp-content\/uploads\/2015\/02\/University-of-Salamanca-630x472.jpeg\" alt=\"University-of-Salamanca-630x472\" width=\"630\" height=\"472\" srcset=\"https:\/\/karmel.hr\/wp-content\/uploads\/2015\/02\/University-of-Salamanca-630x472.jpeg 630w, https:\/\/karmel.hr\/wp-content\/uploads\/2015\/02\/University-of-Salamanca-630x472-300x225.jpeg 300w, https:\/\/karmel.hr\/wp-content\/uploads\/2015\/02\/University-of-Salamanca-630x472-600x450.jpeg 600w\" sizes=\"auto, (max-width: 630px) 100vw, 630px\" \/><\/a><\/p>\n<p>Tijekom XVI. stolje\u0107a napisana su brojna nabo\u017ena i bogoslovska djela na \u0161panjolskom, pa uz djela Terezije Avilske i Ivana od Kri\u017ea treba spomenuti Jeronima Gracijana, prvog redodr\u017eavnika sa svojim djelima:Dilucidario del verdadero espiritu, Itinerario de los caminos de perfecc\u00edon, Tratado de espiritu y devoc\u00edon con que se ha de decir el oficio divino, celebrar el sacrificio de la misa y recar el Pater nostre y Ave Maria, De la orac\u00edon mental, de sus partes i condicione, Vida del Alma, libro de imitac\u00edon de Cristo i dr. Tako\u0111er isti\u010demo Juana de Jes\u00fas Maria Aravalles sa djelom Instrucci\u00f3n de novicios i Tratado de oracion i Mariu de s. Jos\u00e9 sa djelima Libro de recreationes, Ramillete de mirra i Avisos y maximas para el goberno de la religiosas.<\/p>\n<p>Misionarski rad karmeli\u0107ana zaustavljen je radi sukoba izme\u0111u o. Jeronima Gracijana i Nikole Dorije. O. Jeronim zagovarao je, prema mi\u0161ljenju Ivana od Kri\u017ea, preveliku otvorenost prema misionarskom radu zapostavljaju\u0107i pritom molitveni \u017eivot, dok je Dorija i\u0161ao u drugu krajnost pozivaju\u0107i na strogu pokoru i povu\u010denost \u010dime je redovnike dr\u017eao, kako ka\u017ee sv. Ivan, u ropskom strahu. Me\u0111utim, misionarski rad me\u0111u Redom posebno je po\u010deo cvasti u Italiji i drugim zapadnoeurospkim zemljama, a kasnije je to prihvatila i \u0160panjolska.<\/p>\n<p>U \u017eivotu karmeli\u0107ana postojao je posebni oblik &#8220;pustinja\u010dkog&#8221; \u017eivota koji je danas izniman. Za\u010detnik zamisli o &#8220;pustinjama&#8221; bio je Tomo od Isusa koji je uredio pustinju u Bolaqueu 1595, a poslije se osnivaju jo\u0161 i samostani Nuestra Senora de las Nieves i Las B\u00e1tuecas u \u0160panjolskoj.<\/p>\n<p><a href=\"https:\/\/karmel.hr\/wp-content\/uploads\/2015\/02\/batuecas03.jpg\"><img loading=\"lazy\" decoding=\"async\" class=\"alignnone size-full wp-image-2123\" src=\"https:\/\/karmel.hr\/wp-content\/uploads\/2015\/02\/batuecas03.jpg\" alt=\"batuecas03\" width=\"800\" height=\"435\" srcset=\"https:\/\/karmel.hr\/wp-content\/uploads\/2015\/02\/batuecas03.jpg 800w, https:\/\/karmel.hr\/wp-content\/uploads\/2015\/02\/batuecas03-300x163.jpg 300w, https:\/\/karmel.hr\/wp-content\/uploads\/2015\/02\/batuecas03-600x326.jpg 600w\" sizes=\"auto, (max-width: 800px) 100vw, 800px\" \/><\/a><\/p>\n<p>Uz odre\u0111ena dva sata razmatranja, zajedni\u010dke molitve (ili pjevanja) \u010casoslova, uz post i uzdr\u017eavanje od mesa, prekidanjem no\u0107noga po\u010dinka u pono\u0107, boravkom u \u0107elijama, bez susreta s neredovni\u010dkim osobama bez posebnog dopu\u0161tenja ku\u0107nog poglavara &#8211; redovnici su bili du\u017eni u skladu s prvotnim Pravilom provoditi \u017eivot &#8211; vivere in obsequium Jesu Christi.<\/p>\n<h5><span style=\"color: #993300;\">Pregled razvitka i \u0161irenja terezijanskog Karmela<\/span><\/h5>\n<p>Osnivanjem samostana sv. Ane u Genovi od strane o. Nikole Dorije po\u010delo je \u0161irenje terezijanske obnove izvan \u0160panjolske. Zaslugom o. Petra od Majke Bo\u017eje, papa Klement VIII. dao je Terezijinim karmeli\u0107anima sveti\u0161te Majke Bo\u017eje u Rimu pod nazivom &#8220;St. Maria della Scala&#8221; i 1600. god. ustanovio novu kongregaciju karmeli\u0107ana odvojenih od \u0160panjolske. Ova nova kongregacija osnovana je zato \u0161to se \u0160panjolska kongregacija karmeli\u0107ana nije htjela pro\u0161iriti na zemlje izvan \u0161panjolske vladavine.<\/p>\n<p><a href=\"https:\/\/karmel.hr\/wp-content\/uploads\/2015\/02\/IMG_7255_tonemapped.jpg\"><img loading=\"lazy\" decoding=\"async\" class=\"alignnone size-full wp-image-2124\" src=\"https:\/\/karmel.hr\/wp-content\/uploads\/2015\/02\/IMG_7255_tonemapped.jpg\" alt=\"sanata maria della scala\" width=\"1024\" height=\"682\" srcset=\"https:\/\/karmel.hr\/wp-content\/uploads\/2015\/02\/IMG_7255_tonemapped.jpg 1024w, https:\/\/karmel.hr\/wp-content\/uploads\/2015\/02\/IMG_7255_tonemapped-300x200.jpg 300w, https:\/\/karmel.hr\/wp-content\/uploads\/2015\/02\/IMG_7255_tonemapped-600x400.jpg 600w\" sizes=\"auto, (max-width: 1024px) 100vw, 1024px\" \/><\/a><\/p>\n<p>Utemeljitelji Talijanske kongregacije bili su:Ferdinand od sv. Marije ro\u0111en u Astrogi (Leon), \u010dasni o. Ivan od Isusa i Marije iz Calahorra (Logrono), Petar od Majke Bo\u017eje rodom iz Deroca (Zaragoza) koji je bio prvi general Talijanske kongregacije, Dominik od Isusa i Marije\u00a0 i Toma od Isusa (osniva\u010d misijske Kongregacije sv. Pavla) koji su pre\u0161li iz \u0160panjolske kongregacije u Talijansku.<\/p>\n<p>Talijanska kongregacija za razliku od \u0160panjolske jasno isti\u010de da su misije u skladu s duhom terezijanskog Karmela, a za odobrenje misijskog djelovanja posebno se zalagao o. Ivan od Isusa i Marije koji se pozivao na osobu i na spise sv. majke Terezije. Utemeljitelji Talijanske kongregacije\u00a0 nastoje ostati vjerni duhu svoje obnoviteljice i utemeljiteljice i njezinim duhom tuma\u010diti Pravilo Inocenta IV. Za odgoj misionara osnovan je Zavod za misije. Prvi je bio u samostanu s. Maria dellla Vittoria u Rimu, kasnije premje\u0161ten u samostan s. Pancrazio iz kojeg nastaje pravi teolo\u0161ki zavod.<\/p>\n<p>Sedamnaesto stolje\u0107e i prva desetlje\u0107a osamnaestog stolje\u0107a mogu se nazvati &#8220;zlatnim dobom&#8221; \u0160panjolske kongregacije, jer je to doba njezina uspona i procvata. Kongregacija tada ima osam provincija sa 120 samostana i 3500 redovnika, 4000 karmeli\u0107anki.\u00a0Apostolske djelatnosti \u0160panjolske kongregacije jo\u0161 nema iako je bilo neuspje\u0161nih poku\u0161aja poziva u Kongo. U 17. i 18. st. razvile su se diskusije oko priznavanja sv. majke Terezije utemeljiteljicom. Me\u0111u onima koji nisu priznavali sv. Tereziju za utemeljiteljicu mu\u0161ke grane Reda posebno se isticao Alonso od Isusa i Marije koji je nastupao izrazito antifeministi\u010dki prema svetoj majci. Ovo razdoblje posebno je plodno spisateljskom djelatnosti. U Alcali de Henares izdan je te\u010daj o skolasti\u010dkoj filozofiji, Cursus Complutensis, a na ovaj se nadovezuje teolo\u0161ki kojeg su obradili profesori na Salamanci. Od duhovnih djela isti\u010de se Cursus Theologiae Mysticae i Enucleatio Mysticae Theologiae Josipa od Duha Svetog.<\/p>\n<p>U 18. st. osnovane su nove provincije u Njema\u010dkoj, Litvi i Poljskoj. Broj karmeli\u0107ana opada uslijed Kulturkampfa, a poslije i tijekom Francuske revolucije. Po\u010detkom 1702. postupno se ukida Njema\u010dka redodr\u017eava, a zatim i Talijanska. 19. st. u znaku je Napoleonovih osvajanja u \u0160panjolskoj. \u0160panjolska kongregacija tada gubi tre\u0107inu \u010dlanova. \u0160panjolski parlament (CORTES) ukida redove nakon dinasti\u010dkih borbi izme\u0111u karlista i izabelista i utjecaja masonerije koja je, uvukav\u0161i se u dr\u017eavnu administraciju, nastojala represivnim zakonima i porezima uni\u0161tavati redovni\u0161tvo. Nakon ukinu\u0107a, Kongregacija djeluje u tajnosti pod upravom komisara. No i u to <a href=\"https:\/\/karmel.hr\/wp-content\/uploads\/2015\/02\/Fr._Francisco_Palau.jpg\"><img loading=\"lazy\" decoding=\"async\" class=\"alignright size-medium wp-image-2125\" src=\"https:\/\/karmel.hr\/wp-content\/uploads\/2015\/02\/Fr._Francisco_Palau-201x300.jpg\" alt=\"Fr._Francisco_Palau\" width=\"201\" height=\"300\" srcset=\"https:\/\/karmel.hr\/wp-content\/uploads\/2015\/02\/Fr._Francisco_Palau-201x300.jpg 201w, https:\/\/karmel.hr\/wp-content\/uploads\/2015\/02\/Fr._Francisco_Palau.jpg 218w\" sizes=\"auto, (max-width: 201px) 100vw, 201px\" \/><\/a>te\u0161ko doba ima svijetlih trenutaka. Sluga Bo\u017eji o. F. Palau progla\u0161en bla\u017eenim 24. travnja 1988. pokazao je \u0161to se mo\u017ee u\u010diniti u skrovitosti. Skupio je oko sebe novu skupinu, novu redovni\u010dku obitelj i osnovao dru\u017ebu sestara pod imenom Carmelitas misioneras i Carmelitas Teresianas. Ukinu\u0107e Reda u \u0160panjolskoj traje do 1876. kada je papa Pio ujedinio \u0161panjolsku zajednicu s talijanskom. Tada je i po\u010dela obnova Reda u \u0160panjolskoj.<\/p>\n<p>Objedinjenje terezijanskog obnovljenog Karmela u jedinstveni Red dogodilo se tijekom 19. st. nakon brojnih te\u0161ko\u0107a (ukinu\u0107e, zatvaranje samostana). Obnovitelji se javljaju me\u0111u redovnicima koji su izbjegli iz \u0160panjolske u Francusku i Italiju. Dobrim pismenim preporukama nekolicine crkvenih dostojanstvenika iz \u0160panjolske i Italije uspjelo se dobiti i od Pape Pija IX. breve Laetissimas Christi turmas kojim je ukinuta bula Klementa VIII. In apostolicae dignitatis culmine, kojom je terezijanska obnova bila podijeljena na dvije kongregacije 1600. Nakon obnove samostana u \u0161panjolskoj Marquini, obnavljaju se i ostale provincije: Kastilja, Navarra, Aragon, Valencija, Andaluzija, Katalonija.<\/p>\n<p>Obnavlja se i Red u Italiji, Belgiji, Njema\u010dkoj i Austriji. Od austrijske redodr\u017eave stvorena je i 1903. ugarska poluprovincija sa samostanima u Budimpe\u0161ti i Somboru (kasnije u Gy\u00f6ru, Keszthelyu).<\/p>\n","protected":false},"excerpt":{"rendered":"<p>U prikazu povijesti karmelskoga Reda treba u obnoviteljskom radu sv. Terezije Avilske, uzornih njezinih sljedbenika Jeronima Gracijana i Nikole Dorije, posebice ista\u0107i skrb oko izobrazbe redovnika. Terezija je posebice cijenila u\u010dene ljude (Letrados) pa je tako ve\u0107 1570. otvoren u\u010dili\u0161ni zavod sv. \u0106irila u Alcali de Henares, u neposrednoj blizini glasovitog sveu\u010dili\u0161ta koje je utemeljio &hellip; <a href=\"https:\/\/karmel.hr\/?page_id=2120\" class=\"more-link\">Nastavi \u010ditati <span class=\"screen-reader-text\">Obilje\u017eja \u017eivota i razvitak terezijanskoga  obnovljenog Karmela<\/span> <span class=\"meta-nav\">&rarr;<\/span><\/a><\/p>\n","protected":false},"author":1,"featured_media":2127,"parent":140,"menu_order":0,"comment_status":"open","ping_status":"open","template":"","meta":{"footnotes":""},"class_list":["post-2120","page","type-page","status-publish","has-post-thumbnail","hentry"],"jetpack_sharing_enabled":true,"jetpack-related-posts":[],"_links":{"self":[{"href":"https:\/\/karmel.hr\/index.php?rest_route=\/wp\/v2\/pages\/2120","targetHints":{"allow":["GET"]}}],"collection":[{"href":"https:\/\/karmel.hr\/index.php?rest_route=\/wp\/v2\/pages"}],"about":[{"href":"https:\/\/karmel.hr\/index.php?rest_route=\/wp\/v2\/types\/page"}],"author":[{"embeddable":true,"href":"https:\/\/karmel.hr\/index.php?rest_route=\/wp\/v2\/users\/1"}],"replies":[{"embeddable":true,"href":"https:\/\/karmel.hr\/index.php?rest_route=%2Fwp%2Fv2%2Fcomments&post=2120"}],"version-history":[{"count":2,"href":"https:\/\/karmel.hr\/index.php?rest_route=\/wp\/v2\/pages\/2120\/revisions"}],"predecessor-version":[{"id":2133,"href":"https:\/\/karmel.hr\/index.php?rest_route=\/wp\/v2\/pages\/2120\/revisions\/2133"}],"up":[{"embeddable":true,"href":"https:\/\/karmel.hr\/index.php?rest_route=\/wp\/v2\/pages\/140"}],"wp:featuredmedia":[{"embeddable":true,"href":"https:\/\/karmel.hr\/index.php?rest_route=\/wp\/v2\/media\/2127"}],"wp:attachment":[{"href":"https:\/\/karmel.hr\/index.php?rest_route=%2Fwp%2Fv2%2Fmedia&parent=2120"}],"curies":[{"name":"wp","href":"https:\/\/api.w.org\/{rel}","templated":true}]}}

Obilježja života i razvitak terezijanskoga  obnovljenog Karmela

<p>U prikazu povijesti karmelskoga Reda treba u obnoviteljskom radu sv. Terezije Avilske, uzornih njezinih sljedbenika Jeronima Gracijana i Nikole Dorije, posebice istaći skrb oko izobrazbe redovnika. Terezija je posebice cijenila učene ljude (Letrados) pa je tako već 1570. otvoren učilišni zavod sv. Ćirila u Alcali de Henares, u neposrednoj blizini glasovitog sveučilišta koje je utemeljio crkveni stožernik Francisco de Cisneros. U radu sveučilišta temeljito se proučavalo djela Tome Akvinskoga. Kasnije je utemeljeno učilište u Salamanci, poznato i glasovito ne samo u Španjolskoj nego i u Europi; karmelićani su ondje imali svoj &#8220;Zavod sv. Lazara&#8221;, a poslije &#8220;Zavod sv. Ilije&#8221;.</p>
<p><a href="https://karmel.hr/wp-content/uploads/2015/02/University-of-Salamanca-630x472.jpeg"><img loading="lazy" decoding="async" class="alignnone size-full wp-image-2122" src="https://karmel.hr/wp-content/uploads/2015/02/University-of-Salamanca-630x472.jpeg" alt="University-of-Salamanca-630x472" width="630" height="472" srcset="https://karmel.hr/wp-content/uploads/2015/02/University-of-Salamanca-630x472.jpeg 630w, https://karmel.hr/wp-content/uploads/2015/02/University-of-Salamanca-630x472-300x225.jpeg 300w, https://karmel.hr/wp-content/uploads/2015/02/University-of-Salamanca-630x472-600x450.jpeg 600w" sizes="auto, (max-width: 630px) 100vw, 630px" /></a></p>
<p>Tijekom XVI. stoljeća napisana su brojna nabožna i bogoslovska djela na španjolskom, pa uz djela Terezije Avilske i Ivana od Križa treba spomenuti Jeronima Gracijana, prvog redodržavnika sa svojim djelima:Dilucidario del verdadero espiritu, Itinerario de los caminos de perfeccíon, Tratado de espiritu y devocíon con que se ha de decir el oficio divino, celebrar el sacrificio de la misa y recar el Pater nostre y Ave Maria, De la oracíon mental, de sus partes i condicione, Vida del Alma, libro de imitacíon de Cristo i dr. Također ističemo Juana de Jesús Maria Aravalles sa djelom Instrucción de novicios i Tratado de oracion i Mariu de s. José sa djelima Libro de recreationes, Ramillete de mirra i Avisos y maximas para el goberno de la religiosas.</p>
<p>Misionarski rad karmelićana zaustavljen je radi sukoba između o. Jeronima Gracijana i Nikole Dorije. O. Jeronim zagovarao je, prema mišljenju Ivana od Križa, preveliku otvorenost prema misionarskom radu zapostavljajući pritom molitveni život, dok je Dorija išao u drugu krajnost pozivajući na strogu pokoru i povučenost čime je redovnike držao, kako kaže sv. Ivan, u ropskom strahu. Međutim, misionarski rad među Redom posebno je počeo cvasti u Italiji i drugim zapadnoeurospkim zemljama, a kasnije je to prihvatila i Španjolska.</p>
<p>U životu karmelićana postojao je posebni oblik &#8220;pustinjačkog&#8221; života koji je danas izniman. Začetnik zamisli o &#8220;pustinjama&#8221; bio je Tomo od Isusa koji je uredio pustinju u Bolaqueu 1595, a poslije se osnivaju još i samostani Nuestra Senora de las Nieves i Las Bátuecas u Španjolskoj.</p>
<p><a href="https://karmel.hr/wp-content/uploads/2015/02/batuecas03.jpg"><img loading="lazy" decoding="async" class="alignnone size-full wp-image-2123" src="https://karmel.hr/wp-content/uploads/2015/02/batuecas03.jpg" alt="batuecas03" width="800" height="435" srcset="https://karmel.hr/wp-content/uploads/2015/02/batuecas03.jpg 800w, https://karmel.hr/wp-content/uploads/2015/02/batuecas03-300x163.jpg 300w, https://karmel.hr/wp-content/uploads/2015/02/batuecas03-600x326.jpg 600w" sizes="auto, (max-width: 800px) 100vw, 800px" /></a></p>
<p>Uz određena dva sata razmatranja, zajedničke molitve (ili pjevanja) Časoslova, uz post i uzdržavanje od mesa, prekidanjem noćnoga počinka u ponoć, boravkom u ćelijama, bez susreta s neredovničkim osobama bez posebnog dopuštenja kućnog poglavara &#8211; redovnici su bili dužni u skladu s prvotnim Pravilom provoditi život &#8211; vivere in obsequium Jesu Christi.</p>
<h5><span style="color: #993300;">Pregled razvitka i širenja terezijanskog Karmela</span></h5>
<p>Osnivanjem samostana sv. Ane u Genovi od strane o. Nikole Dorije počelo je širenje terezijanske obnove izvan Španjolske. Zaslugom o. Petra od Majke Božje, papa Klement VIII. dao je Terezijinim karmelićanima svetište Majke Božje u Rimu pod nazivom &#8220;St. Maria della Scala&#8221; i 1600. god. ustanovio novu kongregaciju karmelićana odvojenih od Španjolske. Ova nova kongregacija osnovana je zato što se Španjolska kongregacija karmelićana nije htjela proširiti na zemlje izvan španjolske vladavine.</p>
<p><a href="https://karmel.hr/wp-content/uploads/2015/02/IMG_7255_tonemapped.jpg"><img loading="lazy" decoding="async" class="alignnone size-full wp-image-2124" src="https://karmel.hr/wp-content/uploads/2015/02/IMG_7255_tonemapped.jpg" alt="sanata maria della scala" width="1024" height="682" srcset="https://karmel.hr/wp-content/uploads/2015/02/IMG_7255_tonemapped.jpg 1024w, https://karmel.hr/wp-content/uploads/2015/02/IMG_7255_tonemapped-300x200.jpg 300w, https://karmel.hr/wp-content/uploads/2015/02/IMG_7255_tonemapped-600x400.jpg 600w" sizes="auto, (max-width: 1024px) 100vw, 1024px" /></a></p>
<p>Utemeljitelji Talijanske kongregacije bili su:Ferdinand od sv. Marije rođen u Astrogi (Leon), časni o. Ivan od Isusa i Marije iz Calahorra (Logrono), Petar od Majke Božje rodom iz Deroca (Zaragoza) koji je bio prvi general Talijanske kongregacije, Dominik od Isusa i Marije  i Toma od Isusa (osnivač misijske Kongregacije sv. Pavla) koji su prešli iz Španjolske kongregacije u Talijansku.</p>
<p>Talijanska kongregacija za razliku od Španjolske jasno ističe da su misije u skladu s duhom terezijanskog Karmela, a za odobrenje misijskog djelovanja posebno se zalagao o. Ivan od Isusa i Marije koji se pozivao na osobu i na spise sv. majke Terezije. Utemeljitelji Talijanske kongregacije  nastoje ostati vjerni duhu svoje obnoviteljice i utemeljiteljice i njezinim duhom tumačiti Pravilo Inocenta IV. Za odgoj misionara osnovan je Zavod za misije. Prvi je bio u samostanu s. Maria dellla Vittoria u Rimu, kasnije premješten u samostan s. Pancrazio iz kojeg nastaje pravi teološki zavod.</p>
<p>Sedamnaesto stoljeće i prva desetljeća osamnaestog stoljeća mogu se nazvati &#8220;zlatnim dobom&#8221; Španjolske kongregacije, jer je to doba njezina uspona i procvata. Kongregacija tada ima osam provincija sa 120 samostana i 3500 redovnika, 4000 karmelićanki. Apostolske djelatnosti Španjolske kongregacije još nema iako je bilo neuspješnih pokušaja poziva u Kongo. U 17. i 18. st. razvile su se diskusije oko priznavanja sv. majke Terezije utemeljiteljicom. Među onima koji nisu priznavali sv. Tereziju za utemeljiteljicu muške grane Reda posebno se isticao Alonso od Isusa i Marije koji je nastupao izrazito antifeministički prema svetoj majci. Ovo razdoblje posebno je plodno spisateljskom djelatnosti. U Alcali de Henares izdan je tečaj o skolastičkoj filozofiji, Cursus Complutensis, a na ovaj se nadovezuje teološki kojeg su obradili profesori na Salamanci. Od duhovnih djela ističe se Cursus Theologiae Mysticae i Enucleatio Mysticae Theologiae Josipa od Duha Svetog.</p>
<p>U 18. st. osnovane su nove provincije u Njemačkoj, Litvi i Poljskoj. Broj karmelićana opada uslijed Kulturkampfa, a poslije i tijekom Francuske revolucije. Početkom 1702. postupno se ukida Njemačka redodržava, a zatim i Talijanska. 19. st. u znaku je Napoleonovih osvajanja u Španjolskoj. Španjolska kongregacija tada gubi trećinu članova. Španjolski parlament (CORTES) ukida redove nakon dinastičkih borbi između karlista i izabelista i utjecaja masonerije koja je, uvukavši se u državnu administraciju, nastojala represivnim zakonima i porezima uništavati redovništvo. Nakon ukinuća, Kongregacija djeluje u tajnosti pod upravom komisara. No i u to <a href="https://karmel.hr/wp-content/uploads/2015/02/Fr._Francisco_Palau.jpg"><img loading="lazy" decoding="async" class="alignright size-medium wp-image-2125" src="https://karmel.hr/wp-content/uploads/2015/02/Fr._Francisco_Palau-201x300.jpg" alt="Fr._Francisco_Palau" width="201" height="300" srcset="https://karmel.hr/wp-content/uploads/2015/02/Fr._Francisco_Palau-201x300.jpg 201w, https://karmel.hr/wp-content/uploads/2015/02/Fr._Francisco_Palau.jpg 218w" sizes="auto, (max-width: 201px) 100vw, 201px" /></a>teško doba ima svijetlih trenutaka. Sluga Božji o. F. Palau proglašen blaženim 24. travnja 1988. pokazao je što se može učiniti u skrovitosti. Skupio je oko sebe novu skupinu, novu redovničku obitelj i osnovao družbu sestara pod imenom Carmelitas misioneras i Carmelitas Teresianas. Ukinuće Reda u Španjolskoj traje do 1876. kada je papa Pio ujedinio španjolsku zajednicu s talijanskom. Tada je i počela obnova Reda u Španjolskoj.</p>
<p>Objedinjenje terezijanskog obnovljenog Karmela u jedinstveni Red dogodilo se tijekom 19. st. nakon brojnih teškoća (ukinuće, zatvaranje samostana). Obnovitelji se javljaju među redovnicima koji su izbjegli iz Španjolske u Francusku i Italiju. Dobrim pismenim preporukama nekolicine crkvenih dostojanstvenika iz Španjolske i Italije uspjelo se dobiti i od Pape Pija IX. breve Laetissimas Christi turmas kojim je ukinuta bula Klementa VIII. In apostolicae dignitatis culmine, kojom je terezijanska obnova bila podijeljena na dvije kongregacije 1600. Nakon obnove samostana u španjolskoj Marquini, obnavljaju se i ostale provincije: Kastilja, Navarra, Aragon, Valencija, Andaluzija, Katalonija.</p>
<p>Obnavlja se i Red u Italiji, Belgiji, Njemačkoj i Austriji. Od austrijske redodržave stvorena je i 1903. ugarska poluprovincija sa samostanima u Budimpešti i Somboru (kasnije u Györu, Keszthelyu).</p>

<p>U prikazu povijesti karmelskoga Reda treba u obnoviteljskom radu sv. Terezije Avilske, uzornih njezinih sljedbenika Jeronima Gracijana i Nikole Dorije, posebice istaći skrb oko izobrazbe redovnika. Terezija je posebice cijenila učene ljude (Letrados) pa je tako već 1570. otvoren učilišni zavod sv. Ćirila u Alcali de Henares, u neposrednoj blizini glasovitog sveučilišta koje je utemeljio &hellip; <a href="https://karmel.hr/?page_id=2120" class="more-link">Nastavi čitati <span class="screen-reader-text">Obilježja života i razvitak terezijanskoga  obnovljenog Karmela</span> <span class="meta-nav">&rarr;</span></a></p>
