{"id":303,"date":"2014-12-29T22:53:14","date_gmt":"2014-12-29T22:53:14","guid":{"rendered":"http:\/\/karmel.hr\/?page_id=303"},"modified":"2015-01-18T18:44:14","modified_gmt":"2015-01-18T18:44:14","slug":"sofija","status":"publish","type":"page","link":"https:\/\/karmel.hr\/?page_id=303","title":{"rendered":"Sofija"},"content":{"rendered":"<p><em>Predmet:<\/em><\/p>\n<p align=\"justify\"><b>Akt o ekviparaciji na\u0161e ku\u0107e- zajednice u Sofiji\u00a0 i odredbe njezinog pravnog funkcioniranja.<\/b><\/p>\n<p align=\"justify\">Po\u0161tovana i draga bra\u0107o,<\/p>\n<p align=\"justify\">Na\u0161 Provincijalni Savjet na svojoj IX. izvanrednoj sjednici odr\u017eanoj u na\u0161em Provincijalatu 28. velja\u010de 2004., pomno razmotriv\u0161i sve objektivne okolnosti u kojima se nalazite i koje Vas prate, radosno Vam priop\u0107ava slijede\u0107e:<\/p>\n<blockquote>\n<p align=\"justify\">1. Na temelju ranijega poziva upu\u0107ena na\u0161oj provinciji sa strane Njegove Ekscelencije msgr. Christe Proykova, Apostolskog egzarhe u Bugarskoj i Predsjedenika Biskupske Konferencije Bugarske i zahvaljuju\u0107i njegovoj trajnoj dobroti te nakon \u0161to nam je stigao pozitivan odgovor od na\u0161e generalne Kurije koji se odnosi na predmet, javljam Vam da se s <em>19. o\u017eujka 2004. godine<\/em> u ku\u0107i koja pripada egzarhatu uspostavlja ZAJEDNICA na\u0161e HRVATSKE KARMELSKE PROVINCIJE SV. OCA JOSIPA u Bugarskoj u gradu Sofiji na adresi Ulica A. Roncalli 4., \u00abad instar domus erectae\u00bb u skladu s dopisom Na\u0161e Vrhovne uprave od 10. velja\u010de 2004;<\/p>\n<p align=\"justify\">2. Prema izri\u010ditoj \u017eelji \u010dlanova nove zajednice, ku\u0107a \u0107e biti posve\u0107ena svetom Josipu i zvat \u0107e se <strong>\u00abKarmelski samostan sv. Josipa\u00bb<\/strong>, i slavit \u0107e se s datumom za\u0161titnika po latinskom kalendaru 19. o\u017eujka, a po isto\u010dnom 26. prosinca;<\/p>\n<p align=\"justify\">3. Zajednica se uspostavlja kao <em>dvoobredna<\/em> (isto\u010dnoga i latinskoga obreda) te se u njoj mo\u017ee obdr\u017eavati jedan\u00a0 i (ili) drugi liturgijski kalendar, \u010dasoslov i sve drugo \u0161to se odnosi na molitveni \u017eivot zajednice te njezin pastoral kao zajednice, s tim da javna pastoralna aktivnost tipa \u017eupni\u010dkog pastorala pripada nadle\u017enosti mjesnog Ordinarija te ju treba jo\u0161 pravno dogovoriti s Ordinarijima obadvaju obreda;<\/p>\n<p align=\"justify\">4. Zajednica \u0107e u skladu s dogovorom s Apostolskim egzarhom monsinjorom Christom Proykovim i s drugim nadle\u017enim biskupima, uz njihovu suglasnost, ako se poka\u017ee potrebnim, <em>koristiti postoje\u0107u crkvu<\/em> koja se nalazi uz sami samostan, a posve\u0107ena je sv. Franji, za svoje redovni\u010dke potrebe i pastoralnu djelatnost vlastitu zajednici;<\/p>\n<p align=\"justify\">5. Zajednica smije <em>primati zvanja jednog i drugog obreda<\/em> te s dopu\u0161tenjem, i slijede\u0107i upute Provincijalne uprave, formirati ih u karmelskom zvanju u skladu s va\u017ee\u0107im Konstitucijama Reda o \u010demu \u0107e uvijek donijeti odluku otac provincijal na koga to po Konstitucijama i spada po\u0161tuju\u0107i propise Crkve;<\/p>\n<p align=\"justify\">6. Voditelj \u2013 tj. <em>Prior <\/em>\u00abKarmelskog samostana sv. Josipa\u00bb u Sofiji je u skladu s mojim dopisom br. 80\/2003. od 29. srpnja 2003. otac Sre\u0107ko Rimac koji \u0107e sve do slijede\u0107eg redovitog Provincijalnog kapitula ostati na toj du\u017enosti, ako nadle\u017eni druga\u010dije ne provide u skladu sa svojim ovlastima, a na Kapitul dolazi snagom du\u017enosti koju obna\u0161a u skladu s Konstitucijama;<\/p>\n<p align=\"justify\">7. <em>Zamjenik<\/em> oca Priora je otac Tadej Perica;<\/p>\n<p align=\"justify\">8. Otac Prior ili njegov zamjenik sudjelovat \u0107e u \u017eivotu mjesne Crkve sukladno pravima koje im nadle\u017ena vlast dopu\u0161ta, a glede redovni\u010dkih instanci ovime imaju ovlast <em>zastupati Provinciju u Bugarskoj<\/em> na razini Konferencije Vi\u0161ih redovni\u010dkih Poglavara kao i u svim drugim prilikama u kojima bude zahtijevana na\u0161a prisutnost;<\/p>\n<p align=\"justify\">9. Otac Sre\u0107ko Rimac i otac Tadej Perica od 19. o\u017eujka 2004. imaju svoju <em>konventualnost<\/em> u nare\u010denom samostanu na\u0161e Provincije u Sofiji;<\/p>\n<p align=\"justify\">10. Zajednica ili <em>\u00abKarmelski samostan sv. Josipa\u00bb<\/em> ve\u0107 <em>od 19. o\u017eujka 2004. treba <\/em>imati i voditi slijede\u0107e akte i geste Zajednice:<\/p>\n<p align=\"justify\">10.1. Odr\u017eavati redovite <em>kapitule<\/em> zajednice, kao \u0161to to odre\u0111uju na\u0161e Konstitucije i o njima voditi Zapisnik u Knjizi Kapitula zajednice;<\/p>\n<p align=\"justify\">10.2. Nabaviti slijede\u0107e <em>knjige<\/em>: Knjigu redovnika zajednice, Knjigu Kapitula zajednice, Knjigu misnih nakana, Knjigu pastoralnih pohoda, Knjigu redovitih ra\u010duna, Knjigu ljetopisa, Knjigu umrle bra\u0107e, Knjigu na\u0161ega svjetovnog reda i Bratov\u0161tine \u0161kapulara, Inventarnik zajednice s popisom vlasni\u0161tva, Urud\u017ebeni Zapisnik, itd;<\/p>\n<p align=\"justify\">10.3. Otac Prior \u0107e se u svemu ravnati na\u0161im <em>Konstitucijama <\/em>\u2013 Odredbama i vjerno po\u0161tivati ovlasti koje pripadaju njemu ili Kapitulu zajednice, kako u personalnom vo\u0111enju zajednice tako i u njezinom komunitarnom aspektu.<\/p>\n<p align=\"justify\">10.4. Prior \u0107e redovito <em>informirati upravu<\/em> o svim zna\u010dajnijim zbivanjima u <span lang=\"de\" xml:lang=\"de\">zajednici, odr\u017eavati redoviti odnos s upravom, promicati zajedni\u0161tvo u provinciji, u\u010diniti sve da ugled zajednice bude na zavidnoj visini u mjesnoj Crkvi. <\/span><\/p>\n<p align=\"justify\">10.5. Ova odredba ima <em>privremeni zna\u010daj<\/em> i izlazi ususret \u017eelji izra\u017eenoj u ve\u0107 spomenutom pismu Njegove Ekscelencije msgr-a CHRISTE PROYKOVA da se ne su\u017euje nego pro\u0161iri vrijeme priprave za kanonsku uspostavu samostana te \u0107e ostati na snazi <em>do kanonske uspostave samostana<\/em> po\u0161tuju\u0107i pravo nadle\u017ene vlasti da i druga\u010dije odredi ako procjene da su se prilike izmijenile i savjetuju druga\u010diju odluku.<\/p>\n<p align=\"justify\">10.6. Draga bra\u0107o, neka Vas prati mo\u0107na ruka Bo\u017eja, a nje\u017enost na\u0161e majke i sestre sv. Marije od Gore Karmela neka Vas u\u010di kako skladno izrastati u dobi, mudrosti i milosti.<\/p>\n<\/blockquote>\n<p align=\"justify\">Molim Vas, upoznajte sa sadr\u017eajem ovoga pisma Njegovu Ekcelenciju Christu Proykova, Apostolskog egzarha u Bugarskoj i sa svom mogu\u0107om ljubazno\u0161\u0107u ga pozdravite.<\/p>\n<p align=\"justify\">S po\u0161tovanjem i zahvalno\u0161\u0107u.<\/p>\n<p align=\"right\">Va\u0161: O. Jakov Mami\u0107, OCD, Provincijal<\/p>\n","protected":false},"excerpt":{"rendered":"<p>Predmet: Akt o ekviparaciji na\u0161e ku\u0107e- zajednice u Sofiji\u00a0 i odredbe njezinog pravnog funkcioniranja. Po\u0161tovana i draga bra\u0107o, Na\u0161 Provincijalni Savjet na svojoj IX. izvanrednoj sjednici odr\u017eanoj u na\u0161em Provincijalatu 28. velja\u010de 2004., pomno razmotriv\u0161i sve objektivne okolnosti u kojima se nalazite i koje Vas prate, radosno Vam priop\u0107ava slijede\u0107e: 1. Na temelju ranijega poziva &hellip; <a href=\"https:\/\/karmel.hr\/?page_id=303\" class=\"more-link\">Nastavi \u010ditati <span class=\"screen-reader-text\">Sofija<\/span> <span class=\"meta-nav\">&rarr;<\/span><\/a><\/p>\n","protected":false},"author":1,"featured_media":944,"parent":74,"menu_order":0,"comment_status":"open","ping_status":"open","template":"","meta":{"footnotes":""},"class_list":["post-303","page","type-page","status-publish","has-post-thumbnail","hentry"],"jetpack_sharing_enabled":true,"jetpack-related-posts":[],"_links":{"self":[{"href":"https:\/\/karmel.hr\/index.php?rest_route=\/wp\/v2\/pages\/303","targetHints":{"allow":["GET"]}}],"collection":[{"href":"https:\/\/karmel.hr\/index.php?rest_route=\/wp\/v2\/pages"}],"about":[{"href":"https:\/\/karmel.hr\/index.php?rest_route=\/wp\/v2\/types\/page"}],"author":[{"embeddable":true,"href":"https:\/\/karmel.hr\/index.php?rest_route=\/wp\/v2\/users\/1"}],"replies":[{"embeddable":true,"href":"https:\/\/karmel.hr\/index.php?rest_route=%2Fwp%2Fv2%2Fcomments&post=303"}],"version-history":[{"count":3,"href":"https:\/\/karmel.hr\/index.php?rest_route=\/wp\/v2\/pages\/303\/revisions"}],"predecessor-version":[{"id":305,"href":"https:\/\/karmel.hr\/index.php?rest_route=\/wp\/v2\/pages\/303\/revisions\/305"}],"up":[{"embeddable":true,"href":"https:\/\/karmel.hr\/index.php?rest_route=\/wp\/v2\/pages\/74"}],"wp:featuredmedia":[{"embeddable":true,"href":"https:\/\/karmel.hr\/index.php?rest_route=\/wp\/v2\/media\/944"}],"wp:attachment":[{"href":"https:\/\/karmel.hr\/index.php?rest_route=%2Fwp%2Fv2%2Fmedia&parent=303"}],"curies":[{"name":"wp","href":"https:\/\/api.w.org\/{rel}","templated":true}]}}