{"id":98,"date":"2014-10-23T11:57:10","date_gmt":"2014-10-23T11:57:10","guid":{"rendered":"http:\/\/zamakdushe.tk\/?page_id=98"},"modified":"2022-08-01T10:01:18","modified_gmt":"2022-08-01T08:01:18","slug":"karmelski-sveci-i-likovi","status":"publish","type":"page","link":"https:\/\/karmel.hr\/?page_id=98","title":{"rendered":"KARMELSKI SVECI I LIKOVI"},"content":{"rendered":"<h6 style=\"text-align: left;\" align=\"CENTER\"><a title=\"Bla\u017eeni Kuriakos Elias Chavara (3. sije\u010dnja)\" href=\"https:\/\/karmel.hr\/?p=671\">Sveti Kuriakos Elias Chavara (3. sije\u010dnja)<\/a><\/h6>\n<h6 style=\"text-align: left;\" align=\"CENTER\"><a title=\"Sveti Petar Toma (8. sije\u010dnja)\" href=\"https:\/\/karmel.hr\/?p=674\">Sveti Petar Toma (8. sije\u010dnja)<\/a><\/h6>\n<h6 style=\"text-align: left;\" align=\"CENTER\"><a title=\"Sveti Andrija Corsini (9. sije\u010dnja)\" href=\"https:\/\/karmel.hr\/?p=677\">Sveti Andrija Corsini (9. sije\u010dnja)<\/a><\/h6>\n<h6><a title=\"bl. An\u0111eo Paoli\" href=\"https:\/\/karmel.hr\/?p=1150\">Bla\u017eeni An\u0111eo Paoli (20. sije\u010dnja)<\/a><\/h6>\n<h6 style=\"text-align: left;\" align=\"CENTER\"><a title=\"Sveti Enrique De Osso i Cervello (27. sije\u010dnja)\" href=\"https:\/\/karmel.hr\/?p=1335\">Sveti Henrik De Osso i Cervello (27. sije\u010dnja)<\/a><\/h6>\n<h6><a title=\"Bla\u017eena Arkan\u0111ela Girlani (29. sije\u010dnja)\" href=\"https:\/\/karmel.hr\/?p=1372\">Bla\u017eena Arkan\u0111ela Girlani (29. sije\u010dnja)<\/a><\/h6>\n<h6 style=\"text-align: left;\" align=\"CENTER\"><a title=\"Bla\u017eeni Jakov de Canepaci (03. o\u017eujka)\" href=\"https:\/\/karmel.hr\/?p=2542\">Bla\u017eeni Jakov de Canepaci (03. o\u017eujka)<\/a><\/h6>\n<h6><a title=\"No\u0107 sv. Josipa\" href=\"https:\/\/karmel.hr\/?p=2550\">Sveti Josip (19. o\u017eujka)<\/a><\/h6>\n<h6><a href=\"https:\/\/karmel.hr\/?p=17271\">Sv. Terezija Margareta od Presvetog Srca (19. o\u017eujka)<\/a><\/h6>\n<h6 style=\"text-align: left;\" align=\"CENTER\"><a title=\"Bla\u017eeni Franjo od Isusa Marije i Josipa (20. o\u017eujka)\" href=\"https:\/\/karmel.hr\/?p=2944\">Bla\u017eeni Franjo od Isusa Marije i Josipa (20. o\u017eujka)<\/a><\/h6>\n<h6 style=\"text-align: left;\" align=\"CENTER\"><a title=\"Bla\u017eeni Nuno Alvares Pereira (1. travnja)\" href=\"https:\/\/karmel.hr\/?p=3289\">Bla\u017eeni Nuno Alvares Pereira (1. travnja)<\/a><\/h6>\n<h6 style=\"text-align: left;\" align=\"CENTER\"><a title=\"Bla\u017eeni Baptist Spagnoli od Mantove (17. travnja)\" href=\"https:\/\/karmel.hr\/?p=3512\">Bla\u017eeni Baptist Spagnoli od Mantove (17. travnja)<\/a><\/h6>\n<h6 style=\"text-align: left;\" align=\"CENTER\"><a title=\"Bla\u017eena Marija od Utjelovljenja (18. travnja)\" href=\"https:\/\/karmel.hr\/?p=3513\">Bla\u017eena Marija od Utjelovljenja (18. travnja)<\/a><\/h6>\n<h6 style=\"text-align: left;\" align=\"CENTER\"><a href=\"https:\/\/karmel.hr\/?p=3524\">Bla\u017eena Terezija Marija Manetti od Kri\u017ea (23. travnja)<\/a><\/h6>\n<h6 style=\"text-align: left;\" align=\"CENTER\"><a href=\"https:\/\/karmel.hr\/?p=3810\">Sveti Angelus \u2013 sve\u0107enik i mu\u010denik (5. svibnja)<\/a><\/h6>\n<h6 style=\"text-align: left;\" align=\"CENTER\"><a href=\"https:\/\/karmel.hr\/?p=3885\">Bla\u017eeni Aloysius Rabata (8. svibnja)<\/a><\/h6>\n<h6 style=\"text-align: left;\" align=\"CENTER\"><a href=\"https:\/\/karmel.hr\/?p=4017\">Sveti \u0160imun Stock (16. svibnja)<\/a><\/h6>\n<h6 style=\"text-align: left;\" align=\"CENTER\"><a href=\"https:\/\/karmel.hr\/?p=4116\">Sveta Joachina de Vedruna de Mas (22. svibnja)<\/a><\/h6>\n<h6 style=\"text-align: left;\" align=\"CENTER\"><a href=\"https:\/\/karmel.hr\/?p=4114\">Sveta Marija Magdalena de\u2019 Pazzi (25. svibnja)<\/a><\/h6>\n<h6><a href=\"https:\/\/karmel.hr\/?p=4233\">Bla\u017eena Elija od sv. Klementa (29. svibnja)<\/a><\/h6>\n<h6 style=\"text-align: left;\" align=\"CENTER\"><a href=\"https:\/\/karmel.hr\/?p=4261\">Bla\u017eena Ana od svetog Bartolomeja (7. lipnja)<\/a><\/h6>\n<h6 style=\"text-align: left;\" align=\"CENTER\"><a href=\"https:\/\/karmel.hr\/?p=4299\">Bla\u017eeni Hilary Januszewski (12. lipnja)<\/a><\/h6>\n<h6><a href=\"https:\/\/karmel.hr\/?p=4298\">Bla\u017eeni Alfonso Marija od Duha Svetoga (Mazurek) i drugovi mu\u010denici (12. lipnja)<\/a><\/h6>\n<h6><a href=\"https:\/\/karmel.hr\/?p=4551\">Bla\u017eena Maria Crocifissa Curcio (4. srpnja)<\/a><\/h6>\n<h6 style=\"text-align: left;\" align=\"CENTER\"><a href=\"https:\/\/karmel.hr\/?p=4574\">Bla\u017eena Ivana Scopelli (9. srpnja)<\/a><\/h6>\n<h6 style=\"text-align: left;\" align=\"CENTER\"><a href=\"https:\/\/karmel.hr\/?p=4811\">Sveta Terezija od Isusa \u201cde Los Andes\u201d (13. srpnja)<\/a><\/h6>\n<h6 style=\"text-align: left;\" align=\"CENTER\"><a href=\"https:\/\/karmel.hr\/?p=4822\">Svetkovina Bla\u017eene Djevice Marije od gore Karmel (16. srpnja)<\/a><\/h6>\n<h6 style=\"text-align: left;\" align=\"CENTER\"><a href=\"https:\/\/karmel.hr\/?p=4855\">Bla\u017eena Terezija od svetog Augustina i susestre mu\u010denice&nbsp;(17. srpnja)<\/a><\/h6>\n<h6 style=\"text-align: left;\" align=\"CENTER\"><a href=\"https:\/\/karmel.hr\/?p=4916\">Ilija prorok (20. srpnja)<\/a><\/h6>\n<h6 style=\"text-align: left;\" align=\"CENTER\"><a href=\"https:\/\/karmel.hr\/?p=4993\">Bla\u017eena Marija Pilar, Terezija i Marija od An\u0111ela (24. srpnja)<\/a><\/h6>\n<h6 style=\"text-align: left;\" align=\"CENTER\"><a href=\"https:\/\/karmel.hr\/?p=4995\">Bla\u017eena Marija Mercedes Prat (24. srpnja)<\/a><\/h6>\n<h6 style=\"text-align: left;\" align=\"CENTER\"><a href=\"https:\/\/karmel.hr\/?p=4994\">Bla\u017eeni Ivan Soreth (24. srpnja)<\/a><\/h6>\n<h6 style=\"text-align: left;\" align=\"CENTER\"><a href=\"https:\/\/karmel.hr\/?p=5003\">Sveti Tit Brandsma (27. srpnja)<\/a><\/h6>\n<h6 style=\"text-align: left;\" align=\"CENTER\"><a href=\"https:\/\/karmel.hr\/?p=5154\">Sveti Albert od Trapanija (7. kolovoza)<\/a><\/h6>\n<h6 style=\"text-align: left;\" align=\"CENTER\"><a href=\"https:\/\/karmel.hr\/?p=5159\">Sveta Terezija Benedikta od Kri\u017ea (9. kolovoza)<\/a><\/h6>\n<h6 style=\"text-align: left;\" align=\"CENTER\"><a href=\"https:\/\/karmel.hr\/?p=5190\">Bla\u017eeni Ivan Krstitelj (Jean-Baptist), Mi\u0161el-Louis i Jacques (18. kolovoza)<\/a><\/h6>\n<h6 style=\"text-align: left;\" align=\"CENTER\"><a href=\"https:\/\/karmel.hr\/?p=5204\">Sveta&nbsp;Mirjam od Isusa Raspetoga (25. kolovoza)<\/a><\/h6>\n<h6 style=\"text-align: left;\" align=\"CENTER\"><a href=\"https:\/\/karmel.hr\/?p=5215\">Probodenje srca svete Terezije Avilske (26. kolovoza)<\/a><\/h6>\n<h6><strong><a href=\"https:\/\/karmel.hr\/?p=5249\">Sveta Eufrazija od Presvetoga Srca Isusova (Rosa Eluvathingal) (29. kolovoza)<\/a><\/strong><\/h6>\n<h6 style=\"text-align: left;\" align=\"CENTER\"><a href=\"https:\/\/karmel.hr\/?p=5228\">Sveta Terezija Margareta od Presvetoga Srca Isusovog (Redi) (1. rujna)<\/a><\/h6>\n<h6 style=\"text-align: left;\" align=\"CENTER\"><a href=\"https:\/\/karmel.hr\/?p=5318\">Bla\u017eena Marija od Isusa (12. rujna)<\/a><\/h6>\n<h6 style=\"text-align: left;\" align=\"CENTER\"><a href=\"https:\/\/karmel.hr\/?p=5350\">Sveti Albert, Jeruzalemski patrijarh (17. rujna)<\/a><\/h6>\n<h6 style=\"text-align: left;\" align=\"CENTER\"><a href=\"https:\/\/karmel.hr\/?p=5563\">Bla\u017eena Josipa Naval Girbes (6. studenog)<\/a><\/h6>\n<h6 style=\"text-align: left;\" align=\"CENTER\"><a href=\"https:\/\/karmel.hr\/?p=2944\">Bla\u017eeni Franjo Palau i Quer (7. studenog)<\/a><\/h6>\n<h6 style=\"text-align: left;\" align=\"CENTER\"><a href=\"https:\/\/karmel.hr\/?p=6299\">Sveta&nbsp;Elizabeta od Trojstva (8. studenog)<\/a><\/h6>\n<h6 style=\"text-align: left;\" align=\"CENTER\"><a href=\"https:\/\/karmel.hr\/?p=6328\">Sveti Rafael od svetog Josipa (19. studenog)<\/a><\/h6>\n<h6 style=\"text-align: left;\" align=\"CENTER\"><a href=\"https:\/\/karmel.hr\/?p=6335\">Bla\u017eeni Denis od Ro\u0111enja i Redemptus od Kri\u017ea (29. studenog)<\/a><\/h6>\n<h6 style=\"text-align: left;\" align=\"CENTER\"><a href=\"https:\/\/karmel.hr\/?page_id=16987\">Sveta Maravillas od Isusa (11. prosinca)<\/a><\/h6>\n<h6><a href=\"https:\/\/karmel.hr\/?p=17246\"><b><span lang=\"HR\">Hermann Cohen &#8211; o. Augustin od Presvete Euharistije<\/span><\/b><\/a><\/h6>\n","protected":false},"excerpt":{"rendered":"<p>Sveti Kuriakos Elias Chavara (3. sije\u010dnja) Sveti Petar Toma (8. sije\u010dnja) Sveti Andrija Corsini (9. sije\u010dnja) Bla\u017eeni An\u0111eo Paoli (20. sije\u010dnja) Sveti Henrik De Osso i Cervello (27. sije\u010dnja) Bla\u017eena Arkan\u0111ela Girlani (29. sije\u010dnja) Bla\u017eeni Jakov de Canepaci (03. o\u017eujka) Sveti Josip (19. o\u017eujka) Sv. Terezija Margareta od Presvetog Srca (19. o\u017eujka) Bla\u017eeni Franjo od &hellip; <a href=\"https:\/\/karmel.hr\/?page_id=98\" class=\"more-link\">Nastavi \u010ditati <span class=\"screen-reader-text\">KARMELSKI SVECI I LIKOVI<\/span> <span class=\"meta-nav\">&rarr;<\/span><\/a><\/p>\n","protected":false},"author":1,"featured_media":1139,"parent":0,"menu_order":0,"comment_status":"open","ping_status":"open","template":"","meta":{"footnotes":""},"class_list":["post-98","page","type-page","status-publish","has-post-thumbnail","hentry"],"jetpack_sharing_enabled":true,"jetpack-related-posts":[],"_links":{"self":[{"href":"https:\/\/karmel.hr\/index.php?rest_route=\/wp\/v2\/pages\/98","targetHints":{"allow":["GET"]}}],"collection":[{"href":"https:\/\/karmel.hr\/index.php?rest_route=\/wp\/v2\/pages"}],"about":[{"href":"https:\/\/karmel.hr\/index.php?rest_route=\/wp\/v2\/types\/page"}],"author":[{"embeddable":true,"href":"https:\/\/karmel.hr\/index.php?rest_route=\/wp\/v2\/users\/1"}],"replies":[{"embeddable":true,"href":"https:\/\/karmel.hr\/index.php?rest_route=%2Fwp%2Fv2%2Fcomments&post=98"}],"version-history":[{"count":50,"href":"https:\/\/karmel.hr\/index.php?rest_route=\/wp\/v2\/pages\/98\/revisions"}],"predecessor-version":[{"id":19134,"href":"https:\/\/karmel.hr\/index.php?rest_route=\/wp\/v2\/pages\/98\/revisions\/19134"}],"wp:featuredmedia":[{"embeddable":true,"href":"https:\/\/karmel.hr\/index.php?rest_route=\/wp\/v2\/media\/1139"}],"wp:attachment":[{"href":"https:\/\/karmel.hr\/index.php?rest_route=%2Fwp%2Fv2%2Fmedia&parent=98"}],"curies":[{"name":"wp","href":"https:\/\/api.w.org\/{rel}","templated":true}]}}